ns digit of f?
5
Let c = 623 + -444. What is the hundreds digit of c?
1
Suppose 2*q + 2*q - 12 = 0. What is the units digit of q - -1 - (0 + -1)?
5
Let b = -1 + 3. Let s be 2/b + 2 + 0. Suppose 0 = -2*n - 1 + s. What is the units digit of n?
1
Let k = -10 + 4. Let c = -5 - k. Let m = c + 2. What is the units digit of m?
3
Suppose -2*u - u + 12 = 0. Suppose -54 = -2*b - 3*s, -5 = -4*b + 3*b + u*s. What is the units digit of b?
1
Let s(k) = -k**3 + 3*k**2 + 4*k - 2. Let b be 1 + 3 + (-1 - 0). What is the units digit of s(b)?
0
Let v(z) = 25*z**2 - 5*z + 5. What is the units digit of v(2)?
5
Let k(t) = 5*t. Let y be k(1). Suppose 18 = y*f + c, 3*c = -2*f - c + 18. What is the units digit of f?
3
Suppose 3*c - 220 = 5*r, r - 70 = -c + 6*r. What is the units digit of c?
5
Let d(j) = 2*j**2 - 3*j - 5. What is the tens digit of d(5)?
3
Let t(q) = -q + 11. What is the units digit of t(-8)?
9
Let p = -10 - -25. What is the tens digit of p?
1
Suppose 15 = 2*n + n. Suppose -2*m = -n*m + 5*p + 12, -m = 2*p - 4. Suppose 1 = 3*i - m*i - 4*j, 0 = 4*j + 4. What is the units digit of i?
3
Let h be 8/(-6)*(-6)/4. Suppose -h*o + 123 = -0*o - 5*q, 2*o = 3*q + 113. Suppose 3*t - o = -2*y, 5*y + 67 = 5*t + y. What is the units digit of t?
5
Let x(g) = 8*g - 3 - g**2 + 3 - 5. Suppose -5*q + 51 = 21. What is the units digit of x(q)?
7
Suppose -4*c + 498 = 2*c. What is the tens digit of c?
8
Let x(y) = 7*y - 4. Let a be x(3). Let r = -6 + a. What is the units digit of r?
1
Suppose 3*h + 6 = -4*n, 0*h + 3*h + 3 = -3*n. What is the units digit of h?
2
Suppose 15*f - 186 = 12*f. What is the tens digit of f?
6
Suppose 5 = -5*s, -w - w + 5*s = -243. What is the tens digit of w?
1
What is the tens digit of (-1155)/(-9) + 2/(-6) - -1?
2
Let m = 8 + -146. Let s = m + 195. What is the units digit of s?
7
Suppose 0 = -4*c + o + 17, 0*c + 5*o - 20 = -c. Let n be -3 + (5 - (0 + -1)). Suppose 0*x = -n*i + x + 32, i = c*x + 34. What is the units digit of i?
9
Suppose -3*v + 15 - 6 = 0. Suppose 5 = 4*g + 2*p - v, -g + 5*p + 13 = 0. What is the units digit of g?
3
Let w be (3/2)/((-6)/(-8)). Let m = -31 - -43. Suppose -8 - m = -w*y. What is the tens digit of y?
1
What is the units digit of 578/8 + 1/(-4)?
2
Suppose 5*l - 3*l = 4. Let k be l*(0 - (-1)/(-2)). Let b = 4 - k. What is the units digit of b?
5
Let z be ((-3)/(-4))/(1/24). Let w = -27 + 65. Suppose -z = -2*q - 5*m + 11, 5*q + m = w. What is the units digit of q?
7
Let j be -1 + 1 - (-6)/2. Suppose j*k + 5*g - 25 - 15 = 0, 5*k = -g + 30. Suppose -d = -y - y + 6, k*y = -4*d + 28. What is the units digit of y?
4
Suppose 2*j - j + 2*m - 8 = 0, 0 = -2*j + 4*m - 16. Suppose j = 4*k - 4 - 28. What is the units digit of 10/k + (-4)/16?
1
Suppose -s = -5*f + 4*s + 800, -2*s = 4*f - 628. What is the units digit of f?
8
Let a(r) = r**2 + 2*r - 7. Let b be a(-8). Suppose 4*g - b = 7. What is the units digit of g?
2
Let j be 28 + 4/8*2. Suppose 3*w = 5*d - 22, 5*d - j = -6*w + 2*w. What is the units digit of w?
1
Let v = 6 - 3. Suppose -5*g - 13 = v*a, 2*g + 0*a - 4*a = 0. What is the units digit of (-1)/(g/(-22))*-1?
1
Suppose -4*r + 0*a = -2*a - 100, -4*r - 2*a + 92 = 0. What is the units digit of r?
4
Let y be 3/(-6)*-6 + 2. Suppose -5*r - 40 = 4*q + 3, -y*q + 4 = -2*r. Let k = r + 12. What is the units digit of k?
5
Let v(k) = k**2 - 5*k + 23. What is the tens digit of v(11)?
8
Suppose 28 = -d + 89. What is the units digit of d?
1
Suppose -2*i + o = 3*o + 6, -4*i - 2*o - 4 = 0. What is the units digit of i?
1
Let d = 1 - -4. What is the units digit of d?
5
Let v be (-3 + -1)*1/(-2). Suppose v*r - 15 = 23. What is the units digit of r?
9
Suppose -2*n + 38 = -0. What is the units digit of n?
9
Suppose 64 = -4*c + 200. What is the units digit of c?
4
What is the tens digit of -49*2/(-4)*(-3 + 5)?
4
Suppose 0 = -3*p + 9*p - 162. What is the units digit of p?
7
Let l = 733 + -413. What is the units digit of l?
0
Let h be (3 - (-6 + 2))*1. Let n = -10 + h. What is the units digit of -1*14/(n + 1)?
7
Let r be 0 + (-2)/4*-4. Suppose 0 = -r*o + 2 + 8. Suppose -7 = -2*s + o. What is the units digit of s?
6
Let n(o) = 3*o + 2. Let d(x) = -3*x - 2. Let y(r) = 6*d(r) + 5*n(r). Suppose 2*k = 4*k + 6. What is the units digit of y(k)?
7
Let r = 16 + -4. What is the tens digit of r?
1
Suppose 0 = -5*r - 2*j + 87, 54 + 11 = 4*r - 3*j. What is the units digit of r?
7
Let l(z) = -4*z**3 + 27*z**2 - 13*z - 18. Let n(i) = -i**3 + 9*i**2 - 4*i - 6. Let b(q) = -2*l(q) + 7*n(q). What is the units digit of b(-9)?
2
Let i(f) = f**2 + 4 - f**3 + f + 0 - 3. Let s be 3/6*2 + -1. What is the units digit of i(s)?
1
Suppose 0 = 2*q + 3*q + 4*z - 334, z - 1 = 0. What is the units digit of q?
6
Let x(v) = -v**3 + 9*v + 3. Let a(n) = n**2 - 5*n. Let r be a(4). What is the units digit of x(r)?
1
Suppose 8 = 2*g, 5*w + g - 35 = -1. Let x be 1 - (-27)/w*-2. Let y(f) = f**3 + 9*f**2 + 7*f - 4. What is the units digit of y(x)?
4
Let u = -96 - -51. Let f be -3*6/u*-5. Let h = f + 10. What is the units digit of h?
8
Let p(k) = -2*k**2 + 5*k - 4. Let n be p(3). Let o = n + 5. What is the units digit of (-22)/2*(o + 1)?
1
Let i(o) = -o**2 + o + 16. Let d be i(0). Let h = -8 + d. What is the units digit of h?
8
Suppose 140 = 4*g + 3*l, -l = -5*g - 5*l + 175. What is the units digit of g?
5
Let u = 19 - -42. What is the units digit of u?
1
Suppose -2*m = -k - 3*k - 10, -4*k - 1 = m. Suppose 0 = m*u + 3*x - 21, 0 = -3*u + 7*u - x - 18. What is the units digit of u?
5
Let o(v) = -v + 9. Let i be o(7). Suppose -2*m + 6 = i. Suppose -m*k - k = -48. What is the units digit of k?
6
What is the tens digit of 18 + (-3 - -3) + 3?
2
Let h(g) = -g**2 - 6*g + 1. Let u = -14 + 8. Let f be h(u). What is the units digit of (-1 - 11)/(-3)*f?
4
Suppose -2*d + z - 2 = -4, -2*d + 4 = -2*z. Let j = d + 16. What is the units digit of j?
6
Let v = 13 + 2. What is the tens digit of (38/(-6))/((-5)/v)?
1
Suppose -2*l = l - 186. What is the units digit of l?
2
Let z(p) = 3*p**2 + 6 - p**2 + 0*p**2 - 2. What is the units digit of z(-2)?
2
Suppose 0 = -2*m + 3*k + 593, 0 = m - 3*m - 5*k + 617. What is the units digit of m?
1
Let n(k) = k**3 + 4*k**2 + k - 3. Let g be n(3). Suppose 0 = x - 4*x + g. What is the tens digit of x?
2
Let f = 23 + -16. Let i = f - 2. Let r = i - -6. What is the tens digit of r?
1
Let o(k) = -k**2 - 8*k - 7. Let n(v) = -v**3 + 3*v**2 + 6 + 0*v**2 - 6*v**2 + 7*v. Let s be n(-4). What is the units digit of o(s)?
5
Suppose a - 3*a + 8 = 0. Suppose 38 + 50 = a*b. What is the tens digit of b?
2
Let z be (-10)/(3 - 1)*-1. Suppose -z*v = 3*s - 20, 2*s - 5*v + 30 = 6*s. What is the units digit of s?
0
Suppose 15*n = 19*n - 144. What is the units digit of n?
6
Let k be 6/18 - (-2)/(-6). Suppose k*x = -x + 3. What is the units digit of x?
3
Let o be 54/7 + (-2)/(-7). Let n = -5 + o. Suppose 2*z - 37 = n. What is the tens digit of z?
2
Suppose 2*n + 56 = -40. What is the units digit of n/(-15)*10/4?
8
Suppose 5*l = -3*i - 13, -4*i + 2*i + 33 = -5*l. Let u = -4 + i. Suppose u = -j + 3*v - 11, 2*j + 21 = 7*j + 4*v. What is the units digit of j?
1
Let d(n) = 4*n**2 - 4*n - 13. What is the units digit of d(5)?
7
Let x(d) = 15*d**2. What is the tens digit of x(1)?
1
Let o = -7 + 11. Suppose -o*m = 1 - 49. What is the units digit of m?
2
Suppose 0 = f - 3*f + 32. Suppose 2*p + 2*p = f. Suppose 0*y + y + p = -a, -2*a = 10. What is the units digit of y?
1
Let n(l) = l + 2. Let g be n(-2). Let u = -9 + 21. Suppose -s = s - 2*o - 8, -3*s - o + u = g. What is the units digit of s?
4
Let f(v) = 7*v + 4. What is the units digit of f(7)?
3
Suppose -14 - 1 = -5*y. Let v be y + -3 + 2 - 1. Let r(w) = 3*w - 1. What is the units digit of r(v)?
2
Suppose -r = -3*x + 4, x = -2*r - x - 40. What is the units digit of (-4)/r + (-86)/(-8)?
1
Let l = 8 + -3. Suppose -2*m = 3*w + 9, -l*m = 5*w + 12 - 2. Suppose -m*n + 33 = 6. What is the units digit of n?
9
Let b be 2 - (0 + -3 - -8). What is the tens digit of -1 - (-40)/(-6)*b?
1
Suppose 3 = -3*z - 3. Let r = z - -6. What is the units digit of r?
4
Suppose -5*y - 12 = 2*d - 5*d, 3*d - 12 = y. Let b(r) = 3 + r + 2 + 1. What is the units digit of b(y)?
6
Suppose 0 = 2*z + z + 150. What is the tens digit of 580/z*5/(-2)?
2
Suppose -4*o = -3*o + 2*w - 26, -2*w - 38